406 is divided by 213.
146
What is the remainder when 93895 is divided by 10430?
25
Calculate the remainder when 48783 is divided by 2118.
69
What is the remainder when 9219 is divided by 4?
3
Calculate the remainder when 206778 is divided by 1055.
1053
What is the remainder when 943636 is divided by 25?
11
What is the remainder when 725177 is divided by 505?
502
What is the remainder when 4598 is divided by 2190?
218
Calculate the remainder when 89799 is divided by 100.
99
What is the remainder when 1220 is divided by 579?
62
Calculate the remainder when 1594 is divided by 43.
3
What is the remainder when 23744 is divided by 11788?
168
Calculate the remainder when 231846 is divided by 831.
828
What is the remainder when 2348 is divided by 38?
30
Calculate the remainder when 1567271 is divided by 982.
981
What is the remainder when 13354 is divided by 195?
94
Calculate the remainder when 4169 is divided by 113.
101
Calculate the remainder when 5152 is divided by 1569.
445
What is the remainder when 98303 is divided by 32?
31
What is the remainder when 158253 is divided by 39562?
5
What is the remainder when 159813 is divided by 71?
63
Calculate the remainder when 90897 is divided by 36.
33
What is the remainder when 6548 is divided by 939?
914
What is the remainder when 4690 is divided by 39?
10
Calculate the remainder when 4294 is divided by 98.
80
What is the remainder when 191 is divided by 176?
15
What is the remainder when 4182 is divided by 423?
375
What is the remainder when 85399 is divided by 61?
60
What is the remainder when 6385 is divided by 3171?
43
Calculate the remainder when 22735 is divided by 274.
267
What is the remainder when 80619 is divided by 58?
57
Calculate the remainder when 228683 is divided by 13.
0
What is the remainder when 7594 is divided by 93?
61
Calculate the remainder when 902 is divided by 856.
46
Calculate the remainder when 800759 is divided by 46.
37
What is the remainder when 34933 is divided by 13?
2
Calculate the remainder when 268324 is divided by 517.
1
What is the remainder when 1149 is divided by 229?
4
Calculate the remainder when 6893 is divided by 209.
205
What is the remainder when 13355 is divided by 381?
20
What is the remainder when 5388 is divided by 27?
15
Calculate the remainder when 2212195 is divided by 360.
355
What is the remainder when 37129 is divided by 31?
22
Calculate the remainder when 25307 is divided by 25307.
0
Calculate the remainder when 308498 is divided by 28045.
3
Calculate the remainder when 13373 is divided by 556.
29
Calculate the remainder when 136998 is divided by 40.
38
Calculate the remainder when 2158 is divided by 273.
247
What is the remainder when 1468 is divided by 1350?
118
What is the remainder when 4025 is divided by 12?
5
Calculate the remainder when 3578 is divided by 553.
260
Calculate the remainder when 12535 is divided by 299.
276
What is the remainder when 3807 is divided by 307?
123
Calculate the remainder when 261085 is divided by 119.
118
Calculate the remainder when 1619547 is divided by 225.
222
Calculate the remainder when 36937 is divided by 410.
37
Calculate the remainder when 43159 is divided by 5.
4
What is the remainder when 118 is divided by 111?
7
What is the remainder when 1138 is divided by 103?
5
Calculate the remainder when 1640 is divided by 164.
0
What is the remainder when 4252 is divided by 203?
192
What is the remainder when 139997 is divided by 32?
29
Calculate the remainder when 8011 is divided by 1210.
751
What is the remainder when 6497 is divided by 270?
17
Calculate the remainder when 489 is divided by 104.
73
What is the remainder when 67424 is divided by 145?
144
Calculate the remainder when 2452 is divided by 164.
156
What is the remainder when 4625 is divided by 210?
5
What is the remainder when 14112 is divided by 3528?
0
Calculate the remainder when 3619 is divided by 451.
11
What is the remainder when 715705 is divided by 281?
279
Calculate the remainder when 9766 is divided by 4689.
388
What is the remainder when 52554 is divided by 44?
18
Calculate the remainder when 219459 is divided by 66.
9
Calculate the remainder when 47145 is divided by 11777.
37
Calculate the remainder when 21055 is divided by 916.
903
What is the remainder when 10644 is divided by 87?
30
What is the remainder when 5438 is divided by 5389?
49
Calculate the remainder when 96068 is divided by 23.
20
What is the remainder when 67803 is divided by 21?
15
What is the remainder when 15060 is divided by 11?
1
Calculate the remainder when 299031 is divided by 37.
34
Calculate the remainder when 246784 is divided by 77.
76
Calculate the remainder when 3078 is divided by 55.
53
Calculate the remainder when 14665 is divided by 181.
4
Calculate the remainder when 14792 is divided by 2450.
92
Calculate the remainder when 15997 is divided by 3996.
13
Calculate the remainder when 3634586 is divided by 485.
481
Calculate the remainder when 178 is divided by 81.
16
What is the remainder when 14254 is divided by 12?
10
Calculate the remainder when 2002 is divided by 1979.
23
Calculate the remainder when 5174 is divided by 1723.
5
Calculate the remainder when 17057 is divided by 4232.
129
What is the remainder when 53155 is divided by 2?
1
Calculate the remainder when 154920 is divided by 154.
150
Calculate the remainder when 44904 is divided by 14950.
54
What is the remainder when 40669 is divided by 395?
379
What is the remainder when 21201 is divided by 21200?
1
Calculate the remainder when 95300 is divided by 17.
15
What is the remainder when 168203 is divided by 56065?
8
Calculate the remainder when 1609 is divided by 25.
9
Calculate the remainder when 5953 is divided by 131.
58
What is the remainder when 30242 is divided by 14930?
382
Calculate the remainder when 36287 is divided by 327.
317
Calculate the remainder when 3563 is divided by 958.
689
What is the remainder when 681 is divided by 62?
61
Calculate the remainder when 271 is divided by 137.
134
What is the remainder when 527 is divided by 102?
17
Calculate the remainder when 60628 is divided by 68.
40
Calculate the remainder when 52215 is divided by 204.
195
What is the remainder when 14669 is divided by 4847?
128
Calculate the remainder when 17455 is divided by 727.
7
Calculate the remainder when 6112 is divided by 285.
127
Calculate the remainder when 497419 is divided by 82900.
19
Calculate the remainder when 126211 is divided by 76.
51
What is the remainder when 48194 is divided by 7?
6
Calculate the remainder when 47239 is divided by 23617.
5
Calculate the remainder when 22240 is divided by 15.
10
What is the remainder when 9368 is divided by 5?
3
What is the remainder when 7821 is divided by 2371?
708
Calculate the remainder when 74 is divided by 18.
2
What is the remainder when 7228 is divided by 1457?
1400
Calculate the remainder when 70357 is divided by 150.
7
What is the remainder when 8110 is divided by 4051?
8
Calculate the remainder when 425186 is divided by 140.
6
Calculate the remainder when 7306 is divided by 167.
125
Calculate the remainder when 392698 is divided by 75.
73
Calculate the remainder when 841 is divided by 200.
41
What is the remainder when 449804 is divided by 178?
176
What is the remainder when 18444 is divided by 66?
30
What is the remainder when 291496 is divided by 59?
36
What is the remainder when 7772487 is divided by 22?
19
Calculate the remainder when 2095 is divided by 2077.
18
What is the remainder when 904 is divided by 210?
64
Calculate the remainder when 3461 is divided by 5.
1
What is the remainder when 91049 is divided by 53?
48
What is the remainder when 2143 is divided by 25?
18
What is the remainder when 7951 is divided by 469?
447
Calculate the remainder when 15294 is divided by 7639.
16
Calculate the remainder when 16823 is divided by 375.
323
What is the remainder when 18421 is divided by 2623?
60
Calculate the remainder when 26703 is divided by 220.
83
Calculate the remainder when 89116 is divided by 18.
16
What is the remainder when 546206 is divided by 182064?
14
What is the remainder when 37818 is divided by 305?
303
Calculate the remainder when 501599 is divided by 264.
263
Calculate the remainder when 290576 is divided by 87.
83
Calc